{"id":2,"date":"2025-03-20T12:20:56","date_gmt":"2025-03-20T11:20:56","guid":{"rendered":"http:\/\/www.marina4all.com\/?page_id=2"},"modified":"2025-04-15T14:17:29","modified_gmt":"2025-04-15T12:17:29","slug":"it","status":"publish","type":"page","link":"https:\/\/www.marina4all.com\/","title":{"rendered":"Italiano"},"content":{"rendered":"<div class=\"wp-block-image\">\n<figure class=\"aligncenter size-full\"><img loading=\"lazy\" decoding=\"async\" width=\"360\" height=\"66\" src=\"http:\/\/www.marina4all.com\/wp-content\/uploads\/2025\/03\/logo_clear360.png\" alt=\"\" class=\"wp-image-18\"\/><\/figure>\n<\/div>\n\n\n<h2 class=\"wp-block-heading has-text-align-center\">IL DIPORTO NAUTICO ACCESSIBILE E CONFORTEVOLE PER TUTTI<\/h2>\n\n\n\n<p class=\"has-text-align-center\"><em>Una sfida progettuale, produttiva e culturale che condivide le competenze specialistiche di aziende apparentemente lontane per trasferire innovazione e comfort ai porti turistici moderni<\/em><\/p>\n\n\n\n<p>Il mondo \u00e9 mutato velocemente e insieme allo sviluppo di nuovi modelli sociali e culturali cambiano anche le sensibilit\u00e0 personali di una moltitudine di soggetti che oggi rivendicano maggiori attenzioni per il loro stato fragile (secondo il Sole 24 Ore le persone con disabilit\u00e0 in Italia sono oltre 7,5 milioni, circa il 13% della popolazione), e ai quali \u00e8 finalmente possibile dare una risposta.<\/p>\n\n\n\n<p>45 anni fa Ingemar installava i primi pontili galleggianti per la nautica, pi\u00f9 gestibili e meno invasivi rispetto alle strutture fisse esitenti e da allora le sue soluzioni modulari e personalizzate hanno trovato applicazione in settori molto diversi, dal diporto, all&#8217;industria e al tempo libero, e generato contatti, relazioni e collaborazioni con aziende hi-tech, laboratori di ricerca universitari, esperti e team sportivi anche del terzo settore, che hanno ispirato il nuovo progetto MARINA4ALL.<\/p>\n\n\n\n<p>Lanciato nel corso del 2023 insieme alle societ\u00e0 Madeit4a e T1Solutions, MARINA4ALL sta definendo i nuovi parametri di comfort e accessibilit\u00e0 dei marina del prossimo futuro, pensati per assicurare alti standard di sicurezza e facilitare l&#8217;accesso e il transito non solo ai portatori di disabilit\u00e0, ma anche alle persone anziane o con limitazioni temporanee, mamme con borse e passeggini, armatori, atleti, artigiani, etc..<\/p>\n\n\n\n<p>Oltre a particolari e spesso complessi accorgimenti tecnici quali le ridotte altezze dall&#8217;acqua, i dislivelli minimi e l&#8217;attenzione agli spazi di manovra, le nuove strutture vengono dotate all&#8217;origine di speciali predisposizioni per i sistemi di protezione e di sostegno ausiliari (gruette per il sollevamento di persone e altri pres\u00ecdi), nonch\u00e9 di originali sezioni affioranti brevettate che assorbono i residui oleosi sospesi nelle acque dei bacini ospitanti.<\/p>\n\n\n\n<p>I primi prototipi MARINA4ALL sono stati varati nel 2023 ai Saloni Nautici di Venezia e Genova e utilizzati dal velista disabile Marco Rossato quali basi di partenza e d&#8217;arrivo del Giro d&#8217;Italia a Vela &#8220;Navigare oltre i limiti&#8221;: 45 porti della Penisola visitati in 99 giorni di navigazione e oltre 1700 miglia a bordo di Tornavento per &#8220;fotografare&#8221; l&#8217;accessibilit\u00e0 dell&#8217;offerta diportistica italiana e sollecitare operatori e pubblico ad alzare il livello d&#8217;attenzione sul tema.<\/p>\n\n\n\n<p>Gli obiettivi per il 2024 prevedono di informare operatori e gestori sui nuovi possibili canoni di comfort delle strutture turistiche e soprattutto di coinvolgere enti pubblici, aziende private e media che contribuiscano a diffondere e rafforzare il messaggio trasversale di accessibilit\u00e0 per tutti.<\/p>\n\n\n\n<p>A livello progettuale invece, le prossime dotazioni delle strutture MARINA4ALL comprenderanno anche nuovi elementi studiati per superare altre barriere d&#8217;accesso invisibili, con aree di sperimentazione dedicate ai soggetti ipovedenti e non vedenti, percorsi tattili, cromaticit\u00e0 contrastanti e segnaletiche in Braille.<\/p>\n\n\n\n<p>Il programma del 2024 prevede di sostenere le iniziative MARINA4ALL con strumenti di comunicazione tradizionali e digitali e di presentare le nuove configurazioni dei pontili ai Saloni Nautici di Venezia e di Genova.<\/p>\n\n\n\n<p>Il messaggio di cui il progetto MARINA4ALL intende farsi portavoce e intorno al quale auspica di aggregare il pi\u00f9 ampio consenso, \u00e9 l&#8217;idea di un nuovo possibile sviluppo condiviso del diporto nautico moderno, sempre pi\u00f9 attento alle individualit\u00e0 e all&#8217;ambiente.<\/p>\n\n\n\n<p>Nei mesi centrali del 2023 le attivit\u00e0 di comunicazione legate al progetto MARINA4ALL hanno generato la pubblicazione di oltre 140 articoli stampa (cartacei e digitali) e la realizzazione di numerose interviste radiofoniche e televisive a diffusione locale e nazionale.<\/p>\n\n\n\n<p>Nel 2024 il progetto MARINA4ALL ha ottenuto il patrocinio di&nbsp;<a href=\"https:\/\/dci.confindustrianautica.net\/\" target=\"_blank\" rel=\"noreferrer noopener\">Confindustria Nautica<\/a>.<\/p>\n\n\n\n<p>Partecipano con\u00a0<a href=\"http:\/\/www.ingemar.it\" target=\"_blank\" rel=\"noreferrer noopener\">Ingemar<\/a>\u00a0al progetto MARINA4ALL:<\/p>\n\n\n\n<p>Madeit4A<br>Societ\u00e0 con sede a Viareggio che progetta, produce e commercializza soluzioni hi-tech, consulenze e prodotti specificamente studiati per favorire il superamento delle disabilit\u00e0.<br><a href=\"https:\/\/www.madeit4a.com\/\" target=\"_blank\" rel=\"noreferrer noopener\">www.madeit4a.com<\/a><\/p>\n\n\n\n<p>T1Solutions<br>Societ\u00e0 bresciana che vanta esperienze internazionali di successo nella pulizia delle acque marine da residui oleosi e idrocarburi sversati o in sospensione.<br><a href=\"https:\/\/www.oceancleaningkit.com\/\" target=\"_blank\" rel=\"noreferrer noopener\">www.oceancleaningkit.com<\/a><\/p>\n","protected":false},"excerpt":{"rendered":"<p>IL DIPORTO NAUTICO ACCESSIBILE E CONFORTEVOLE PER TUTTI Una sfida progettuale, produttiva e culturale che condivide le competenze specialistiche di aziende apparentemente lontane per trasferire innovazione e comfort ai porti turistici moderni Il mondo \u00e9 mutato velocemente e insieme allo sviluppo di nuovi modelli sociali e culturali cambiano anche le sensibilit\u00e0 personali di una moltitudine [&hellip;]<\/p>\n","protected":false},"author":1,"featured_media":0,"parent":0,"menu_order":0,"comment_status":"closed","ping_status":"closed","template":"","meta":{"footnotes":""},"class_list":["post-2","page","type-page","status-publish","hentry"],"_links":{"self":[{"href":"https:\/\/www.marina4all.com\/index.php\/wp-json\/wp\/v2\/pages\/2","targetHints":{"allow":["GET"]}}],"collection":[{"href":"https:\/\/www.marina4all.com\/index.php\/wp-json\/wp\/v2\/pages"}],"about":[{"href":"https:\/\/www.marina4all.com\/index.php\/wp-json\/wp\/v2\/types\/page"}],"author":[{"embeddable":true,"href":"https:\/\/www.marina4all.com\/index.php\/wp-json\/wp\/v2\/users\/1"}],"replies":[{"embeddable":true,"href":"https:\/\/www.marina4all.com\/index.php\/wp-json\/wp\/v2\/comments?post=2"}],"version-history":[{"count":6,"href":"https:\/\/www.marina4all.com\/index.php\/wp-json\/wp\/v2\/pages\/2\/revisions"}],"predecessor-version":[{"id":27,"href":"https:\/\/www.marina4all.com\/index.php\/wp-json\/wp\/v2\/pages\/2\/revisions\/27"}],"wp:attachment":[{"href":"https:\/\/www.marina4all.com\/index.php\/wp-json\/wp\/v2\/media?parent=2"}],"curies":[{"name":"wp","href":"https:\/\/api.w.org\/{rel}","templated":true}]}}